{"id":16,"date":"2014-03-26T22:15:08","date_gmt":"2014-03-26T22:15:08","guid":{"rendered":"http:\/\/its-conf.org\/2014\/?page_id=16"},"modified":"2025-07-09T17:23:33","modified_gmt":"2025-07-09T17:23:33","slug":"committees","status":"publish","type":"page","link":"https:\/\/www.bigdaci.org\/oldconferences\/2025\/committees\/","title":{"rendered":"Committees"},"content":{"rendered":"<p><strong>Program Chair<\/strong><\/p>\n<p>Ajith Abraham, Bennett University, India<\/p>\n<p><strong>\u00a0<\/strong><\/p>\n<p><strong>MCCSIS General Conference Co-Chairs<\/strong><\/p>\n<p>Piet Kommers, UNESCO Professor of Educational Technology, The Netherlands<\/p>\n<p>Pedro Isaias, Universidade Aberta (Portuguese Open University), Portugal<\/p>\n<p>&nbsp;<\/p>\n<p><strong>Committee Members<\/strong><\/p>\n<p>Abhishek Shukla, R.D.Engineering College Technical Campus, India<br \/>\nAdel M. Alimi, University of Sfax, Tunisia<br \/>\nAdina Florea, University Politehnica of Bucharest, Romania<br \/>\nAleksandar Lazarevic, AIDA Insights, USA<br \/>\nAlessandro Giuliani, University Of Cagliari, Italy<br \/>\nAlfredo Cuzzocrea, Icar-cnr &amp; University Of Calabria, Italy<br \/>\n\u00c1lvaro Garc\u00eda-Barrag\u00e1n, Universidad Polit\u00e9cnica De Madrid, Spain<br \/>\nAnand Nayyar, School Of Computer Science, Duy Tan University, Viet Nam<br \/>\nAndrei Olaru, University Politehnica of Bucharest, Romania<br \/>\nAndres Castillo, Pontificial University Of Salamanca, Spain<br \/>\nAngel Moreno, University Of Alcala De Henares, Spain<br \/>\nArchil Maysuradze, Lomonosov Moscow State University, Russia<br \/>\nArnulfo Alanis, Tecnologico Nacional de M\u00e9xico, campus Tijuana, Mexico<br \/>\nAudrone Lupeikiene, VU Institute Of Data Science and Digital Technology, Lithuania<br \/>\nCarson K. Leung, University of Manitoba, Canada<br \/>\nChristos Kalloniatis, University Of The Aegean, Greece<br \/>\nChristos Makris, University Of Patras, Greece<br \/>\nDaniel Lemire, LICEF Research Center, Canada<br \/>\nDariusz Krol, Wroc\u0142aw University of Science and Technology, Poland<br \/>\nDomenico Talia, Universit\u00e0 della Calabria, Italy<br \/>\nEva Sciacca, Istituto Nazionale di Astrofisica, Italy<br \/>\nFani Liapi, University Of Bedfordshire, United Kingdom<br \/>\nFilippo Sciarrone, Universitas Mercatorum, Italy<br \/>\nGerard Murray, 1729 Distillery, Australia<br \/>\nGianni Costa, Icar-cnr, Italy<br \/>\nHoria-Nicolai Teodorescu, Technical University Of Iasi, Romania<br \/>\nIgor Bernik, University Of Maribor, Slovenia<br \/>\nI-Hsien Ting, Kaohsiung University, Taiwan<br \/>\nJavier Carbo Rubiera, Univ. Carlos III De Madrid, Spain<br \/>\nJayesh Soni, Florida International University, Usa<br \/>\nJorge Adolfo Ramirez Uresti, Tecnologico de Monterrey, Mexico<br \/>\nJose Molina Lopez, Universidad Carlos III De Madrid, Spain<br \/>\nJose Alfredo Ferreira Costa, Federal University, Ufrn, Brasil<br \/>\nKauser Ahmed, Vit University, India<br \/>\nKi Chan, Hong Kong University Of Science And Technology, Hong Kong<br \/>\nLaurentiu Vasiliu, Peracton ltd., Ireland<br \/>\nMarco Villani, University Of Modena And Reggio Emilia, Italy<br \/>\nMaria de los Angeles Constantino-Gonzalez, Tecnologico De Monterrey, Mexico<br \/>\nMaricela Quintana, Tecnol\u00f3gico De Monterrey, Mexico<br \/>\nMarius Silaghi, Florida Institute Of Technology, USA<br \/>\nMichael Vassilakopoulos, University of Thessaly, Greece<br \/>\nMohamed Ben Halima, Higher Institute of Computer Sciences and Multimedia, Tunisia<br \/>\nMutlu Mete, University of North Texas, Dept of Information Sci, USA<br \/>\nPanayiotis Bozanis, University Of Thessaly, Greece<br \/>\nPaula Miranda, School of Technology, Setubal Polytechnic University, Portugal<br \/>\nPavel Osipov, Riga Technical University, Latvia<br \/>\nPrabhat Mahanti, University Of New Brunswick, Canada<br \/>\nRafael Leon, Universidad Polit\u00e9cnica De Madrid, Spain<br \/>\nRiccardo Ortale, Icar-cnr, Italy<br \/>\nSilvia Parusheva, University of Economics &#8211; Varna, Bulgaria<br \/>\nSviatoslav Braynov, University Of Illinois, USA<br \/>\nTibebe Beshah, Addis Ababa University, Ethiopia<br \/>\nTomonobu Ozaki, Nihon University, Japan<br \/>\nVictor Lopez, Universidad Tecnologica De Panama, Panama<br \/>\nVictor Manuel Landassuri-Moreno, Universidad Aut\u00f3noma Del Estado De M\u00e9xico, Mexico<br \/>\nVincent Hilaire, Universit\u00e9 De Technologie De Belfort-montbeliard, France<br \/>\nViorel Negru, West University of Timisoara, Romania<br \/>\nWiem Chebil, University of Monastir and University of Sousse, Tunisia<br \/>\nYolanda Escudero Martin, Universidad de Alcala, Spain<br \/>\nZahid Akhtar, State University of New York Polytechnic Institute, USA<\/p>\n<p>&nbsp;<\/p>\n","protected":false},"excerpt":{"rendered":"<p>Program Chair Ajith Abraham, Bennett University, India \u00a0 MCCSIS General Conference Co-Chairs Piet Kommers, UNESCO Professor of Educational Technology, The Netherlands Pedro Isaias, Universidade Aberta (Portuguese Open University), Portugal &nbsp; Committee Members Abhishek Shukla, R.D.Engineering College Technical Campus, India Adel M. Alimi, University of Sfax, Tunisia Adina Florea, University Politehnica of Bucharest, Romania Aleksandar Lazarevic, [&hellip;]<\/p>\n","protected":false},"author":1,"featured_media":0,"parent":0,"menu_order":0,"comment_status":"closed","ping_status":"closed","template":"","meta":{"footnotes":""},"class_list":["post-16","page","type-page","status-publish","hentry"],"_links":{"self":[{"href":"https:\/\/www.bigdaci.org\/oldconferences\/2025\/wp-json\/wp\/v2\/pages\/16","targetHints":{"allow":["GET"]}}],"collection":[{"href":"https:\/\/www.bigdaci.org\/oldconferences\/2025\/wp-json\/wp\/v2\/pages"}],"about":[{"href":"https:\/\/www.bigdaci.org\/oldconferences\/2025\/wp-json\/wp\/v2\/types\/page"}],"author":[{"embeddable":true,"href":"https:\/\/www.bigdaci.org\/oldconferences\/2025\/wp-json\/wp\/v2\/users\/1"}],"replies":[{"embeddable":true,"href":"https:\/\/www.bigdaci.org\/oldconferences\/2025\/wp-json\/wp\/v2\/comments?post=16"}],"version-history":[{"count":117,"href":"https:\/\/www.bigdaci.org\/oldconferences\/2025\/wp-json\/wp\/v2\/pages\/16\/revisions"}],"predecessor-version":[{"id":2474,"href":"https:\/\/www.bigdaci.org\/oldconferences\/2025\/wp-json\/wp\/v2\/pages\/16\/revisions\/2474"}],"wp:attachment":[{"href":"https:\/\/www.bigdaci.org\/oldconferences\/2025\/wp-json\/wp\/v2\/media?parent=16"}],"curies":[{"name":"wp","href":"https:\/\/api.w.org\/{rel}","templated":true}]}}